- 15*v - 51. Give u(-9).
3
Let t(z) = z**2 - z - 4. What is t(5)?
16
Let s(p) = 6*p + 28. What is s(-9)?
-26
Let a(v) = v - 7. Give a(-5).
-12
Let h(c) = c + 9. Calculate h(-3).
6
Let i(r) = -r**3 - r**2 - 2*r + 4. Calculate i(-3).
28
Let l(u) = -145*u - 1156. What is l(-8)?
4
Let a(j) = -j**3 + 3*j**2 + 4*j - 5. Determine a(4).
-5
Let d(o) = o**2 + o - 8. What is d(2)?
-2
Let z(v) = v**3 + 6*v**2 + v + 4. Calculate z(-5).
24
Let c(a) = -50*a**2 + 4*a - 1. Give c(1).
-47
Let z(i) = -16*i + 6. What is z(5)?
-74
Let f(c) = 10*c**3 + c**2 - c - 1. Give f(-1).
-9
Let l(c) = -3*c - 37. Determine l(-14).
5
Let q(d) = d**3 - 5*d**2 + 2*d - 2. What is q(3)?
-14
Let f(v) = 2*v**3 + 18*v**2 - v - 26. Calculate f(-9).
-17
Let q(f) = f**2 + 111*f + 740. Determine q(-7).
12
Let i(j) = 6*j - 26. What is i(6)?
10
Let g(d) = -d**2 - 16*d + 188. What is g(8)?
-4
Let w(x) = x**3 + 16*x**2 + 23*x - 26. What is w(-14)?
44
Let o(j) = j**3 - 17*j**2 - 14*j + 1. Give o(18).
73
Let j(f) = -2*f**2 - 3*f + 5. What is j(-4)?
-15
Let x(b) = 3*b**3 - b**2 - 1. Calculate x(-2).
-29
Let x(q) = q**2 + 10*q - 22. Calculate x(-12).
2
Let m(y) = 27*y**2 + 20*y - 20. What is m(1)?
27
Let s(x) = x + 41. Calculate s(-24).
17
Let n(x) = x**3 - 3*x**2 - 9*x + 16. Determine n(4).
-4
Let q(k) = -k**2 - 2. Determine q(6).
-38
Let l(b) = -b**3 - 4*b**2 - 2. What is l(0)?
-2
Let u(i) = i**3 - 2*i**2 + 2*i - 2. Calculate u(3).
13
Let h(v) = -v**2 + 15*v - 19. Determine h(13).
7
Let i(d) = -d**3 + 22*d**2 - 39*d + 2. Give i(20).
22
Let u(d) = -d**3 + 7*d**2 + 13*d - 15. What is u(8)?
25
Let m(j) = j**2 + 16*j + 61. Calculate m(-11).
6
Let r(v) = 5*v**3 + 2*v**2 + 8*v - 10. What is r(1)?
5
Let f(j) = j**3 + 5*j**2 + 7*j + 7. Determine f(-3).
4
Let m(h) = -2*h + 35. Determine m(22).
-9
Let x(n) = n**2 - 11*n. Calculate x(11).
0
Let z(i) = -i**3 - 29*i**2 - 51*i + 92. Give z(-27).
11
Let x(q) = 3*q - 33. Calculate x(6).
-15
Let p(f) = 2*f - 5. What is p(5)?
5
Let x(p) = -p**2 + 10*p - 29. Determine x(4).
-5
Let s(c) = -11*c + 37. What is s(12)?
-95
Let u(j) = 86*j**2 + 2*j - 1. Calculate u(1).
87
Let t(k) = -2*k**2 + 10*k + 11. Give t(7).
-17
Let d(x) = -5*x**2 - 40*x + 5. What is d(-9)?
-40
Let n(p) = -p**3 - 12*p**2 - 17*p - 41. Calculate n(-11).
25
Let r(h) = 11*h - 95. What is r(3)?
-62
Let m(p) = -p**2 + 2*p + 43. Determine m(8).
-5
Let m(l) = l**2 + 32*l - 35. What is m(-33)?
-2
Let j(v) = -v**2 + 9*v + 19. What is j(10)?
9
Let i(q) = -20*q - 163. Determine i(-8).
-3
Let c(r) = 6*r - 9. Give c(3).
9
Let j(m) = 3*m**2 + 6*m - 5. Determine j(-5).
40
Let q(p) = 2*p - 6. Determine q(11).
16
Let t(u) = -u**3 + 2*u**2 + 5*u + 19. Calculate t(4).
7
Let u(f) = -f**3 - 4*f**2 + 7*f - 6. What is u(-6)?
24
Let h(v) = -23*v**3 + 1. Calculate h(1).
-22
Let t(c) = c**3 + 8*c**2 - 28*c - 252. Give t(-7).
-7
Let r(c) = c**3 - 8*c**2 + 8*c - 15. Give r(8).
49
Let f(m) = 3*m + 4. Give f(-7).
-17
Let u(l) = -l**2 - 19*l - 30. Give u(-16).
18
Let b(a) = 6*a - 10. Determine b(-11).
-76
Let p(k) = k**2 + 2*k - 3. Calculate p(-3).
0
Let x(c) = -147*c + 142. Determine x(1).
-5
Let w(k) = 2*k**2 - 1. Determine w(2).
7
Let z(s) = s**2 + 12*s + 11. What is z(-9)?
-16
Let f(j) = j**2 + 18*j - 10. Give f(-19).
9
Let n(m) = -31*m**2. What is n(1)?
-31
Let s(r) = -2*r**3 + 8*r**2 - 4*r - 4. Calculate s(2).
4
Let h(y) = y - 29. Determine h(30).
1
Let b(w) = w**3 + 10*w**2 - w + 114. Give b(-11).
4
Let l(y) = y**2 - 8*y. What is l(5)?
-15
Let n(c) = c**3 - 2*c**2 + 5*c - 15. Determine n(3).
9
Let a(j) = -j**3 - 8*j**2 - 9*j - 1. Calculate a(-7).
13
Let w(i) = 8*i + 14. Determine w(0).
14
Let i(z) = -z**2 - 4*z + 10. What is i(-6)?
-2
Let f(v) = 32*v - 2. Determine f(1).
30
Let z(b) = b**3 - 24*b**2 - 12. Calculate z(24).
-12
Let g(c) = -c**3 + 8*c**2 + c - 2. Determine g(8).
6
Let y(z) = -4*z - 27. Calculate y(-6).
-3
Let d(x) = -x**3 - 9*x**2 - x - 21. Determine d(-9).
-12
Let r(u) = 6*u**2 + u. Give r(-3).
51
Let a(t) = -19*t + 2. Calculate a(3).
-55
Let d(l) = -l**3 - 8*l**2 + 7*l - 13. What is d(-9)?
5
Let g(z) = -9*z + 90. What is g(11)?
-9
Let y(d) = -d**2 - 6*d + 88. Calculate y(7).
-3
Let b(z) = 5*z**2. Give b(4).
80
Let s(v) = v**3 + 16*v**2 - 18*v - 16. Give s(-17).
1
Let j(o) = o**2 - o + 22. What is j(0)?
22
Let h(b) = b**3 + 12*b**2 + 13*b + 158. Give h(-12).
2
Let c(k) = -3*k**2 + 79*k - 52. Calculate c(26).
-26
Let n(o) = 15*o - 3. Give n(3).
42
Let m(b) = b**3 - 20*b**2 - 575*b - 40. Calculate m(36).
-4
Let t(b) = b**3 + 10*b**2 + b - 1. Calculate t(-10).
-11
Let o(j) = j - 5. Give o(-14).
-19
Let l(s) = -17*s - 7. What is l(-2)?
27
Let g(a) = 13*a - 5. Calculate g(5).
60
Let c(t) = -3*t**2 + 8*t - 4. What is c(3)?
-7
Let b(z) = -z**3 + 33*z**2 - 35*z + 93. Determine b(32).
-3
Let d(b) = -11*b - 227. Give d(-20).
-7
Let j(i) = i**3 + 11*i**2 + 13*i + 3. Calculate j(-9).
48
Let t(l) = 4*l - 4. Determine t(0).
-4
Let s(o) = 4*o - 47. What is s(10)?
-7
Let u(r) = r - 8. Calculate u(15).
7
Let j(g) = -g - 25. What is j(-17)?
-8
Let v(r) = 3*r + 101. Give v(-34).
-1
Let j(v) = v**2 + 3*v - 4. Give j(-3).
-4
Let i(l) = 10*l - 63. Determine i(0).
-63
Let c(p) = -7*p**3 - 2*p**2 - 2*p - 1. Determine c(-1).
6
Let k(z) = -2*z**3 + 3*z**2 - 1. Give k(2).
-5
Let b(d) = d + 14. What is b(-3)?
11
Let c(l) = 8*l**3 - 7*l**2 - 11*l - 3. Give c(-1).
-7
Let s(d) = 24*d**3 - d. Give s(1).
23
Let l(j) = -j**2 - 15*j - 21. Determine l(-14).
-7
Let f(d) = 4*d - 2. Calculate f(-4).
-18
Let j(g) = -10*g + 14. Determine j(9).
-76
Let u(v) = v - 14. What is u(21)?
7
Let w(y) = -3*y**2 - 53*y + 17. Calculate w(-18).
-1
Let b(x) = x**2 + 15*x. What is b(-14)?
-14
Let p(u) = -17*u**3 + 2*u**2 - 1. What is p(-1)?
18
Let m(f) = -f**2 + 15*f - 27. Determine m(13).
-1
Let f(x) = 2*x + 5. Give f(4).
13
Let l(w) = w - 3. Give l(7).
4
Let g(r) = r**3 - 7*r**2 - 17*r - 19. Determine g(9).
-10
Let w(h) = h**3 - 6*h**2 - 9*h + 11. Determine w(7).
-3
Let d(w) = w**3 + 15*w**2 - 3*w - 1. Calculate d(-15).
44
Let y(l) = -12*l + 12. Give y(3).
-24
Let d(c) = -c**2 + 8*c + 13. Calculate d(11).
-20
Let n(j) = j**2 - 7*j - 5. Calculate n(6).
-11
Let o(g) = g**3 - 6*g**2 - 9*g - 1. Determine o(7).
-15
Let p(t) = -t + 18. Give p(6).
12
Let l(f) = 4*f**2 + 2*f + 1. Calculate l(2).
21
Let k(y) = -15*y + 164. Calculate k(11).
-1
Let f(o) = -7*o**3 - 2*o**2 + o. Determine f(2).
-62
Let t(z) = -12*z + 4. Calculate t(-2).
28
Let u(z) = -2*z + 6. Calculate u(4).
-2
Let x(t) = -15*t + 342. Determine x(23).
-3
Let m(t) = 27*t - 807. What is m(30)?
3
Let c(i) = i**3 - 13*i**2 - 11*i - 25. What is c(14)?
17
Let d(k) = -k**3 - 2*k**2 + k + 4. Determine d(2).
-10
Let t(d) = d**2 + 5*d - 6. What is t(-7)?
8
Let i(j) = j**3 + j**2 + 16. Determine i(0).
16
Let h(g) = 2*g**2 - g - 3. Determine h(-3).
18
Let o(w) = -w + 30. Calculate o(0).
30
Let n(g) = g**3 - 32*g**2 - 69*g + 36. Give n(34).
2
Let x(o) = o**3 - 9*o**2 - 3*o - 3. Give x(9).
-30
Let o(k) = 16*k - 203. Calculate o(12).
-11
Let z(x) = -x**2 + 12*x - 16. Give z(10).
4
Let h(q) = 2*q**2 - 5*q + 7. Give h(5).
32
Let h(l) = -l - 56. Calculate h(-8).
-48
Let q(c) = -5*c - 4. Calculate q(-3).
11
Let w(m) = -11*m + 6. Give w(4).
-38
Let h(n) = n**2 + 6*n + 11. Give h(-5).
6
Let n(v) = 2*v - 3. Calculate n(6).
9
Let n(l) = -l**3 + 13*l**2 + 8*l - 12. Give n(13).
92
Let n(l) = -l**2 + 33*l + 29. Determine n(28).
169
Let g(l) = 5*l + 4. What is g(-6)?
-26
Let s(y) = -3*y - 10. Determine s(-12).
26
Let v(j) = 87*j - 357. What is v(4)?
-9
Let d(q) = -2*q + 28. Give d(15).
-2
Let h(l) = 4*l - 14. Determine h(4).
2
Let v(h) = h**2 - 4*h - 11. Determine v(-5).
34
Let o(r) = -r**3 + r**2 + 3*r + 2. What is o(-2)?
8
Let n(p) = 2*p**2 - 11*p + 46. Give n(12).
202
Let b(j) = -j**3 - 8*j**2 - 3*j + 2. Calculate b(-7).
-26
Let x(d) = d + 2. What is x(4)?
6
Let a(o) = -o**2 + 4. What is a(-2)?
0
Let p(v) = v**3 + 6*v**2 - 38*v + 17. Give p(-10).
-3
Let r(z) = -z**3 + 37*z**2 - 211*z + 23. Give r(30).
-7
Let w(y) = -y**3 - 14*y**2 - y - 20. Give w(-14).
-6
Let t(m) = 12*m + 67. Give t(-6).
-5
Let w(t) = t**2 + 12*t - 1. Give w(-12).
-1
Let u(x) = 23*x + 116. Calculate u(-5).
1
Let t(c) = -c**2 + 2*c + 45. Give t(-6).
-3
Let l(g) = -g**3 + 8*g**2 - 10*g - 6. What is l(8)?
-86
Let h(x) = 4*x**2 - 9*x + 5. What is h(6)?
95
L